{"id":1490,"date":"2018-08-26T10:35:27","date_gmt":"2018-08-26T15:35:27","guid":{"rendered":"http:\/\/mariposalearning.com\/?page_id=1490"},"modified":"2020-06-30T10:37:58","modified_gmt":"2020-06-30T15:37:58","slug":"careers","status":"publish","type":"page","link":"https:\/\/mariposalearning.com\/?page_id=1490","title":{"rendered":"Careers"},"content":{"rendered":"<div id=\"pl-1490\"  class=\"panel-layout\" ><div id=\"pg-1490-0\"  class=\"panel-grid panel-has-style\" ><div class=\"siteorigin-panels-stretch panel-row-style panel-row-style-for-1490-0\" data-stretch-type=\"full\" ><div id=\"pgc-1490-0-0\"  class=\"panel-grid-cell\" ><div id=\"panel-1490-0-0-0\" class=\"so-panel widget widget_sow-editor panel-first-child panel-last-child\" data-index=\"0\" ><div class=\"panel-widget-style panel-widget-style-for-1490-0-0-0\" ><div\n\t\t\t\n\t\t\tclass=\"so-widget-sow-editor so-widget-sow-editor-base\"\n\t\t\t\n\t\t>\n<div class=\"siteorigin-widget-tinymce textwidget\">\n\t<h1 style=\"text-align: left;\"><span style=\"color: #000000;\">Working at Mariposa<\/span><\/h1>\n<p style=\"text-align: left;\"><span style=\"color: #000000;\">At Mariposa Learning Center, family is at the core of everything we do. We believe that quality child care not only revolves around the individual child, but the family experience as well. We understand (and expect) that our staff plays a key role in this relationship. We are always looking for creative, imaginative and energetic individuals who are motivated by providing the best care and development possible for our families. We are a family-owned center and plan to stay that way. We want our teachers to feel that they are part of the ownership and to feel empowered to play an active role in their classroom and curriculum development. We strive to provide an environment which encourages employee longevity and one where teachers play an active role in their career development. <\/span><\/p>\n<p style=\"text-align: left;\"><span style=\"color: #000000;\">We offer competitive wages, annual performance based raise\/bonus and benefits (reduced child tuition, vision, dental, life, disability and health insurance)<\/span><\/p>\n<p style=\"text-align: left;\"><span style=\"color: #000000;\">Bilingual (Spanish\/English) and previous experience is preferred, but not necessary.<\/span><\/p>\n<p style=\"text-align: left;\"><span style=\"color: #000000;\">For more information and\/or to submit you resume, please complete and submit the information below.<\/span><\/p>\n<p style=\"text-align: left;\"><span style=\"color: #000000;\">En Mariposa Learning Center, la familia es el centro de todo lo que hacemos. Entendemos y esperamos que nuestra personal ocupan un lugar esencial in esta relaci\u00f3n. Siempre estamos buscando individuos creativos, imaginativos y energ\u00e9ticos que est\u00e1n motivados por brindar el mejor cuidado y desarrollo posible a nuestros estudiantes y familias. Creemos que cada maestra debe conocer bien as sus alumnos y sus familiares para desempe\u00f1ar un papel activo en el desarrollo de su aula y plan de estudios. Nos esforzamos por proporcionar un entorno que fomente la longevidad de los empleados y uno en el que los maestros desempe\u00f1en un papel activo en el desarrollo de su carrera.<\/span><\/p>\n<p style=\"text-align: left;\"><span style=\"color: #000000;\">Ofrecemos sueldos competitivos y beneficios como vacaciones, seguro de vida, seguro de salud, dental y visi\u00f3n.<\/span><\/p>\n<p style=\"text-align: left;\"><span style=\"color: #000000;\">Estamos buscando personal tiempo parcial y completo para asistentes de maestra. Compleci\u00f3n de cursos requeridos es necesario.<\/span><\/p>\n<p style=\"text-align: left;\"><span style=\"color: #000000;\">Para obtener m\u00e1s informaci\u00f3n y \/ o enviar su resume, complete y env\u00ede la informaci\u00f3n a continuaci\u00f3n.<\/span><\/p>\n<p style=\"text-align: left;\">\n<\/div>\n<\/div><\/div><\/div><\/div><\/div><\/div><div id=\"pg-1490-1\"  class=\"panel-grid panel-no-style\" ><div id=\"pgc-1490-1-0\"  class=\"panel-grid-cell\" ><div id=\"panel-1490-1-0-0\" class=\"so-panel widget widget_sow-editor panel-first-child panel-last-child\" data-index=\"1\" ><div\n\t\t\t\n\t\t\tclass=\"so-widget-sow-editor so-widget-sow-editor-base\"\n\t\t\t\n\t\t>\n<div class=\"siteorigin-widget-tinymce textwidget\">\n\t<div class=\"wpforms-container wpforms-container-full\" id=\"wpforms-1641\"><form id=\"wpforms-form-1641\" class=\"wpforms-validate wpforms-form\" data-formid=\"1641\" method=\"post\" enctype=\"multipart\/form-data\" action=\"\/index.php?rest_route=%2Fwp%2Fv2%2Fpages%2F1490&#038;wpforms_form_id=1641\" data-token=\"4491216aa207e5a3e523bd998ef0a74a\" data-token-time=\"1777471652\"><noscript class=\"wpforms-error-noscript\">Please enable JavaScript in your browser to complete this form.<\/noscript><div class=\"wpforms-field-container\"><div id=\"wpforms-1641-field_0-container\" class=\"wpforms-field wpforms-field-name\" data-field-id=\"0\"><label class=\"wpforms-field-label\">Name <span class=\"wpforms-required-label\">*<\/span><\/label><div class=\"wpforms-field-row wpforms-field-medium\"><div class=\"wpforms-field-row-block wpforms-first wpforms-one-half\"><input type=\"text\" id=\"wpforms-1641-field_0\" class=\"wpforms-field-name-first wpforms-field-required\" name=\"wpforms[fields][0][first]\" required><label for=\"wpforms-1641-field_0\" class=\"wpforms-field-sublabel after\">First<\/label><\/div><div class=\"wpforms-field-row-block wpforms-one-half\"><input type=\"text\" id=\"wpforms-1641-field_0-last\" class=\"wpforms-field-name-last wpforms-field-required\" name=\"wpforms[fields][0][last]\" required><label for=\"wpforms-1641-field_0-last\" class=\"wpforms-field-sublabel after\">Last<\/label><\/div><\/div><\/div><div id=\"wpforms-1641-field_1-container\" class=\"wpforms-field wpforms-field-email\" data-field-id=\"1\"><label class=\"wpforms-field-label\" for=\"wpforms-1641-field_1\">Email <span class=\"wpforms-required-label\">*<\/span><\/label><input type=\"email\" id=\"wpforms-1641-field_1\" class=\"wpforms-field-medium wpforms-field-required\" name=\"wpforms[fields][1]\" spellcheck=\"false\" required><\/div><div id=\"wpforms-1641-field_4-container\" class=\"wpforms-field wpforms-field-phone\" data-field-id=\"4\"><label class=\"wpforms-field-label\" for=\"wpforms-1641-field_4\">Phone <span class=\"wpforms-required-label\">*<\/span><\/label><input type=\"tel\" id=\"wpforms-1641-field_4\" class=\"wpforms-field-medium wpforms-field-required wpforms-smart-phone-field\" data-rule-smart-phone-field=\"true\" name=\"wpforms[fields][4]\" aria-label=\"Phone\" required><\/div><div id=\"wpforms-1641-field_2-container\" class=\"wpforms-field wpforms-field-textarea\" data-field-id=\"2\"><label class=\"wpforms-field-label\" for=\"wpforms-1641-field_2\">Comment or Message <span class=\"wpforms-required-label\">*<\/span><\/label><textarea id=\"wpforms-1641-field_2\" class=\"wpforms-field-medium wpforms-field-required\" name=\"wpforms[fields][2]\" required><\/textarea><\/div><div id=\"wpforms-1641-field_3-container\" class=\"wpforms-field wpforms-field-file-upload\" data-field-id=\"3\"><label class=\"wpforms-field-label\" for=\"wpforms-1641-field_3\">Resume<\/label><div\n\t\tclass=\"wpforms-uploader \"\n\t\tdata-field-id=\"3\"\n\t\tdata-form-id=\"1641\"\n\t\tdata-input-name=\"wpforms_1641_3\"\n\t\tdata-extensions=\"jpg,jpeg,jpe,gif,png,bmp,tiff,tif,webp,avif,ico,heic,heif,heics,heifs,asf,asx,wmv,wmx,wm,avi,divx,mov,qt,mpeg,mpg,mpe,mp4,m4v,ogv,webm,mkv,3gp,3gpp,3g2,3gp2,txt,asc,c,cc,h,srt,csv,tsv,ics,rtx,css,vtt,mp3,m4a,m4b,aac,ra,ram,wav,x-wav,ogg,oga,flac,mid,midi,wma,wax,mka,rtf,pdf,class,tar,zip,gz,gzip,rar,7z,psd,xcf,doc,pot,pps,ppt,wri,xla,xls,xlt,xlw,mpp,docx,docm,dotx,dotm,xlsx,xlsm,xlsb,xltx,xltm,xlam,pptx,pptm,ppsx,ppsm,potx,potm,ppam,sldx,sldm,onetoc,onetoc2,onepkg,oxps,xps,odt,odp,ods,odg,odc,odb,odf,wp,wpd,key,numbers,pages\"\n\t\tdata-max-size=\"67108864\"\n\t\tdata-max-file-number=\"1\"\n\t\tdata-post-max-size=\"67108864\"\n\t\tdata-max-parallel-uploads=\"4\"\n\t\tdata-parallel-uploads=\"true\"\n\t\tdata-file-chunk-size=\"2097152\">\n\t<div class=\"dz-message\">\n\t\t<svg  viewBox=\"0 0 640 640\" focusable=\"false\" data-icon=\"inbox\" width=\"50px\" height=\"50px\" fill=\"currentColor\" aria-hidden=\"true\">\n\t\t\t<path d=\"M352 173.3L352 384C352 401.7 337.7 416 320 416C302.3 416 288 401.7 288 384L288 173.3L246.6 214.7C234.1 227.2 213.8 227.2 201.3 214.7C188.8 202.2 188.8 181.9 201.3 169.4L297.3 73.4C309.8 60.9 330.1 60.9 342.6 73.4L438.6 169.4C451.1 181.9 451.1 202.2 438.6 214.7C426.1 227.2 405.8 227.2 393.3 214.7L352 173.3zM320 464C364.2 464 400 428.2 400 384L480 384C515.3 384 544 412.7 544 448L544 480C544 515.3 515.3 544 480 544L160 544C124.7 544 96 515.3 96 480L96 448C96 412.7 124.7 384 160 384L240 384C240 428.2 275.8 464 320 464zM464 488C477.3 488 488 477.3 488 464C488 450.7 477.3 440 464 440C450.7 440 440 450.7 440 464C440 477.3 450.7 488 464 488z\"\/>\n\t\t<\/svg>\n\n\t\t<span class=\"modern-title\">\n\t\t\t\t\t\t\tDrag &amp; Drop Files, \t\t\t\t<span>Choose Files to Upload<\/span>\n\t\t\t\t\t<\/span>\n\n\t\t\t<\/div>\n<\/div>\n\n<input\n\t\ttype=\"text\"\n\t\tautocomplete=\"off\"\n\t\treadonly\n\t\tclass=\"dropzone-input\"\n\t\tstyle=\"position:absolute!important;clip:rect(0,0,0,0)!important;height:1px!important;width:1px!important;border:0!important;overflow:hidden!important;padding:0!important;margin:0!important;\"\n\t\tid=\"wpforms-1641-field_3\"\n\t\tname=\"wpforms_1641_3\" \t\tvalue=\"\">\n<\/div><\/div><!-- .wpforms-field-container --><div class=\"wpforms-field wpforms-field-hp\"><label for=\"wpforms-1641-field-hp\" class=\"wpforms-field-label\">Email<\/label><input type=\"text\" name=\"wpforms[hp]\" id=\"wpforms-1641-field-hp\" class=\"wpforms-field-medium\"><\/div><div class=\"wpforms-submit-container\" ><input type=\"hidden\" name=\"wpforms[id]\" value=\"1641\"><input type=\"hidden\" name=\"page_title\" value=\"\"><input type=\"hidden\" name=\"page_url\" value=\"https:\/\/mariposalearning.com\/index.php?rest_route=\/wp\/v2\/pages\/1490\"><input type=\"hidden\" name=\"url_referer\" value=\"\"><button type=\"submit\" name=\"wpforms[submit]\" id=\"wpforms-submit-1641\" class=\"wpforms-submit\" data-alt-text=\"Sending...\" data-submit-text=\"Submit\" aria-live=\"assertive\" value=\"wpforms-submit\">Submit<\/button><\/div><\/form><\/div>  <!-- .wpforms-container -->\n<\/div>\n<\/div><\/div><\/div><\/div><\/div>","protected":false},"excerpt":{"rendered":"<p>Working at Mariposa At Mariposa Learning Center, family is at the core of everything we do. We believe that quality child care not only revolves around the individual child, but the family experience as well. We understand (and expect) that our staff plays a key role in this relationship. We are always looking for creative, [&hellip;]<\/p>\n","protected":false},"author":2,"featured_media":0,"parent":0,"menu_order":0,"comment_status":"closed","ping_status":"closed","template":"","meta":{"om_disable_all_campaigns":false,"_monsterinsights_skip_tracking":false,"_monsterinsights_sitenote_active":false,"_monsterinsights_sitenote_note":"","_monsterinsights_sitenote_category":0,"footnotes":""},"class_list":["post-1490","page","type-page","status-publish","hentry","post"],"aioseo_notices":[],"_links":{"self":[{"href":"https:\/\/mariposalearning.com\/index.php?rest_route=\/wp\/v2\/pages\/1490","targetHints":{"allow":["GET"]}}],"collection":[{"href":"https:\/\/mariposalearning.com\/index.php?rest_route=\/wp\/v2\/pages"}],"about":[{"href":"https:\/\/mariposalearning.com\/index.php?rest_route=\/wp\/v2\/types\/page"}],"author":[{"embeddable":true,"href":"https:\/\/mariposalearning.com\/index.php?rest_route=\/wp\/v2\/users\/2"}],"replies":[{"embeddable":true,"href":"https:\/\/mariposalearning.com\/index.php?rest_route=%2Fwp%2Fv2%2Fcomments&post=1490"}],"version-history":[{"count":30,"href":"https:\/\/mariposalearning.com\/index.php?rest_route=\/wp\/v2\/pages\/1490\/revisions"}],"predecessor-version":[{"id":2372,"href":"https:\/\/mariposalearning.com\/index.php?rest_route=\/wp\/v2\/pages\/1490\/revisions\/2372"}],"wp:attachment":[{"href":"https:\/\/mariposalearning.com\/index.php?rest_route=%2Fwp%2Fv2%2Fmedia&parent=1490"}],"curies":[{"name":"wp","href":"https:\/\/api.w.org\/{rel}","templated":true}]}}